{"id":119,"date":"2016-08-11T13:16:41","date_gmt":"2016-08-11T12:16:41","guid":{"rendered":"http:\/\/aspauvernier.ch\/?page_id=119"},"modified":"2026-03-22T14:59:55","modified_gmt":"2026-03-22T13:59:55","slug":"liens","status":"publish","type":"page","link":"https:\/\/aspauvernier.ch\/index.php\/liens\/","title":{"rendered":"Liens"},"content":{"rendered":"\n<p class=\"wp-block-paragraph\"><strong>Quelques soci\u00e9t\u00e9s du village<\/strong><\/p>\n\n\n\n<p class=\"wp-block-paragraph\"><a href=\"https:\/\/fetedesvendangesauvernier.ch\/\" target=\"_blank\" rel=\"noopener noreferrer\">F\u00eate des Vendanges d&rsquo;Auvernier<\/a><\/p>\n\n\n\n<p class=\"wp-block-paragraph\"><a href=\"http:\/\/www.perchettes.org\" target=\"_blank\" rel=\"noopener noreferrer\">Groupe scout \u00ab\u00a0les Perchettes\u00a0\u00bb<\/a><\/p>\n\n\n\n<p class=\"wp-block-paragraph\"><a href=\"https:\/\/www.facebook.com\/unitedmilvignes\/\" target=\"_blank\" rel=\"noopener\">FC United Milvignes (facebook)<\/a><\/p>\n\n\n\n<p class=\"wp-block-paragraph\"><a href=\"http:\/\/www.gcna.ch\" target=\"_blank\" rel=\"noopener noreferrer\">La Gal\u00e8re, club nautique<\/a><\/p>\n\n\n\n<p class=\"wp-block-paragraph\"><a href=\"http:\/\/www.avenirauvernier.ch\/\" target=\"_blank\" rel=\"noopener noreferrer\">Fanfare \u00ab\u00a0l&rsquo;Avenir\u00a0\u00bb<\/a><\/p>\n\n\n\n<p class=\"wp-block-paragraph\"><a href=\"http:\/\/www.judosportauvernier.ch\" target=\"_blank\" rel=\"noopener noreferrer\">Judo sport Auvernier<\/a><\/p>\n\n\n\n<p class=\"wp-block-paragraph\"><a href=\"https:\/\/www.facebook.com\/people\/La-Boutade\/100063520534465\/#\" target=\"_blank\" rel=\"noreferrer noopener\">La Boutade (Facebook)<\/a><\/p>\n\n\n\n<p class=\"wp-block-paragraph\"><a href=\"https:\/\/www.facebook.com\/echodulac\/\" target=\"_blank\" rel=\"noopener noreferrer\">Choeur d&rsquo;hommes l&rsquo;Echo du Lac (facebook)<\/a><\/p>\n\n\n\n<p class=\"wp-block-paragraph\"><a href=\"https:\/\/team-aviron-ne.ch\/\" target=\"_blank\" rel=\"noopener\">Team Aviron<\/a><\/p>\n\n\n\n<p class=\"wp-block-paragraph\"><a href=\"https:\/\/www.cssjn.ch\/\" target=\"_blank\" rel=\"noopener\">CSSJN Auvernier<\/a><\/p>\n\n\n\n<p class=\"wp-block-paragraph\"><a href=\"https:\/\/www.theatrecardamone.ch\/\" target=\"_blank\" rel=\"noopener\">Th\u00e9\u00e2tre de marionnettes \u00ab\u00a0La Cardamone\u00a0\u00bb<\/a><\/p>\n\n\n\n<p class=\"wp-block-paragraph\"><a href=\"https:\/\/www.tir-milvignes.ch\" target=\"_blank\" rel=\"noopener\">Soci\u00e9t\u00e9 de tir \u00ab\u00a0les Vieux Stands\u00a0\u00bb Milvignes<\/a><\/p>\n\n\n\n<p class=\"wp-block-paragraph\"><strong>Sapeurs-pompiers :<\/strong><\/p>\n\n\n\n<p class=\"wp-block-paragraph\"><a href=\"http:\/\/www.asp-peseux.ch\" target=\"_blank\" rel=\"noopener noreferrer\">Amicale de Peseux<\/a><\/p>\n\n\n\n<p class=\"wp-block-paragraph\"><a href=\"https:\/\/www.facebook.com\/Amicalebolecolombier\/\">Amicale de B\u00f4le-Colombier (facebook)<\/a><\/p>\n","protected":false},"excerpt":{"rendered":"<p>Quelques soci\u00e9t\u00e9s du village F\u00eate des Vendanges d&rsquo;Auvernier Groupe scout \u00ab\u00a0les Perchettes\u00a0\u00bb FC United Milvignes (facebook) La Gal\u00e8re, club nautique Fanfare \u00ab\u00a0l&rsquo;Avenir\u00a0\u00bb Judo sport Auvernier La Boutade (Facebook) Choeur d&rsquo;hommes l&rsquo;Echo du Lac (facebook) Team Aviron CSSJN Auvernier Th\u00e9\u00e2tre de marionnettes \u00ab\u00a0La Cardamone\u00a0\u00bb Soci\u00e9t\u00e9 de tir \u00ab\u00a0les Vieux Stands\u00a0\u00bb Milvignes Sapeurs-pompiers : Amicale de Peseux &hellip; <a href=\"https:\/\/aspauvernier.ch\/index.php\/liens\/\" class=\"more-link\">Continuer la lecture de <span class=\"screen-reader-text\">Liens<\/span><\/a><\/p>\n","protected":false},"author":2,"featured_media":0,"parent":0,"menu_order":0,"comment_status":"closed","ping_status":"closed","template":"","meta":{"_crdt_document":"","footnotes":""},"class_list":["post-119","page","type-page","status-publish","hentry"],"_links":{"self":[{"href":"https:\/\/aspauvernier.ch\/index.php\/wp-json\/wp\/v2\/pages\/119","targetHints":{"allow":["GET"]}}],"collection":[{"href":"https:\/\/aspauvernier.ch\/index.php\/wp-json\/wp\/v2\/pages"}],"about":[{"href":"https:\/\/aspauvernier.ch\/index.php\/wp-json\/wp\/v2\/types\/page"}],"author":[{"embeddable":true,"href":"https:\/\/aspauvernier.ch\/index.php\/wp-json\/wp\/v2\/users\/2"}],"replies":[{"embeddable":true,"href":"https:\/\/aspauvernier.ch\/index.php\/wp-json\/wp\/v2\/comments?post=119"}],"version-history":[{"count":9,"href":"https:\/\/aspauvernier.ch\/index.php\/wp-json\/wp\/v2\/pages\/119\/revisions"}],"predecessor-version":[{"id":427,"href":"https:\/\/aspauvernier.ch\/index.php\/wp-json\/wp\/v2\/pages\/119\/revisions\/427"}],"wp:attachment":[{"href":"https:\/\/aspauvernier.ch\/index.php\/wp-json\/wp\/v2\/media?parent=119"}],"curies":[{"name":"wp","href":"https:\/\/api.w.org\/{rel}","templated":true}]}}